NOAA-Style Climate Reports


Report for 2016 July
                  MONTHLY CLIMATOLOGICAL SUMMARY FOR 7/2016
                                        HEAT  COOL        
     MEAN                               DEG   DEG       WIND SPEED       DOM MEAN  MEAN
DAY  TEMP  HIGH   TIME     LOW   TIME   DAYS  DAYS RAIN AVG  HI  TIME    DIR BAROM HUM
---------------------------------------------------------------------------------------
1    62.1  77.4   3:59pm  52.1   3:03am    5    2  0.00   0   5   3:25pm WNW 30.09   79
2    64.2  79.3   3:56pm  56.5  11:19pm    3    3  0.00   0   5  10:31am WNW 30.01   79
3    61.3  72.6   4:04pm  56.0   7:55am    5    1  0.00   0   6  11:19am WNW 30.10   74
4    57.9  64.9   3:03pm  53.7   7:12am    7    0  0.03   0   7   1:11pm  SE 30.13   84
5    57.7  64.9   3:43pm  53.4   6:57am    7    0  0.00   0   5   3:11pm  SE 30.09   84
6    62.6  78.8   3:53pm  52.2   6:28am    5    2  0.00   0   6   1:38pm  SE 30.02   74
7    60.2  67.1   2:53pm  55.5   4:09am    5    0  0.09   0   8  11:24am  SE 29.90   85
8    62.8  72.0   4:09pm  57.7   6:25am    3    1  0.29   0   9   1:05pm ESE 29.87   84
9    60.6  67.7   1:46pm  54.7   5:39am    5    0  0.25   0   7  11:35am  SE 29.95   84
10   60.8  68.1   2:13pm  55.7   5:16am    5    0  0.25   0   8   4:20pm  SE 30.00   86
11   61.2  72.5   3:35pm  54.8   6:19am    5    1  0.02   0   6   9:41am ESE 30.04   79
12   63.4  77.1   3:30pm  54.0   4:47am    4    3  0.00   0   7  11:01am ESE 30.01   76
13   62.1  74.2   3:12pm  52.1   5:05am    4    2  0.00   0   6  12:53pm WNW 30.20   75
14   61.9  77.3   3:14pm  49.2   5:45am    6    3  0.00   0   6   7:24pm WNW 30.20   75
15   62.0  72.8   2:30pm  51.9   4:28am    4    1  0.00   0   5   9:17am  SE 30.12   77
16   62.7  73.7   4:12pm  56.6  11:57pm    3    1  0.00   0   8  11:32am ESE 30.04   78
17   64.3  75.5   1:46pm  53.5   6:05am    4    3  0.00   0   6   1:06pm WNW 29.94   79
18   61.9  67.7  11:40am  58.7   4:56am    3    0  0.10   0   5  10:54am  SE 29.96   88
19   64.8  75.5   2:21pm  57.8   5:36am    3    3  0.00   0   6   1:38pm ESE 30.07   78
20   66.7  80.7   1:02pm  57.8   6:51am    3    4  0.00   0   6   9:10am WNW 30.08   74
21   66.2  84.0   2:55pm  52.9   5:52am    4    5  0.06   0   6   1:58pm WNW 30.02   77
22   59.6  62.6   5:12pm  57.6   1:19am    5    0  0.17   0   6   4:42am ESE 30.20   92
23   61.8  70.1   1:00pm  56.5   5:37am    4    1  0.00   0   1   8:05am   S 30.23   82
24   64.6  81.7   2:54pm  50.6   5:51am    5    4  0.00   0   6   1:25pm WNW 30.08   75
25   68.6  86.6   2:05pm  53.8   5:54am    3    7  0.00   0   6   4:34pm WNW 30.03   73
26   65.5  80.0   2:58pm  55.5   6:15am    3    3  0.00   0   5  12:40pm WNW 30.10   78
27   68.4  85.5   2:10pm  54.2   6:04am    3    6  0.00   0   5  12:56pm WNW 30.09   74
28   70.2  87.9   2:51pm  55.8   6:00am    2    7  0.00   0   5  10:59am WNW 30.06   73
29   71.2  89.5   2:01pm  56.7   6:27am    2    8  0.00   0   5  11:04am WNW 29.94   71
30   65.5  77.2   2:57pm  56.9   5:21am    2    3  0.00   0   7   4:10pm   W 29.91   73
31   63.6  77.7   1:32pm  56.0   6:02am    4    2  0.00   0   7   8:10am WNW 30.01   74
---------------------------------------------------------------------------------------
TOT  63.4  89.5  7/29/16  49.2  7/14/16  126   78  1.26   0   8   7/7/16 WNW 30.05   79

HEAT BASE: 65.0
COOL BASE: 65.0