NOAA-Style Climate Reports


Report for 2016 June
                  MONTHLY CLIMATOLOGICAL SUMMARY FOR 6/2016
                                        HEAT  COOL        
     MEAN                               DEG   DEG       WIND SPEED       DOM MEAN  MEAN
DAY  TEMP  HIGH   TIME     LOW   TIME   DAYS  DAYS RAIN AVG  HI  TIME    DIR BAROM HUM
---------------------------------------------------------------------------------------
1    64.1  76.7   2:16pm  52.5   5:49am    4    3  0.00   0   8   1:59pm  SE 29.91   68
2    61.3  66.9   4:05pm  57.5   4:26am    4    0  0.00   0  10   4:10am ESE 30.04   77
3    66.7  85.3   2:01pm  53.2   5:28am    4    5  0.00   0   5  11:38am WNW 30.19   70
4    68.7  85.5   3:32pm  55.3   6:00am    3    6  0.00   0   6  10:00am WNW 30.04   72
5    73.8  94.6   3:39pm  56.6   5:37am    2   11  0.00   0   5   1:17pm WNW 29.87   67
6    70.8  91.0   2:34pm  58.0   6:01am    2    7  0.00   0   7  11:00am WNW 29.87   60
7    67.8  87.1   2:08pm  52.7   6:22am    3    6  0.00   0   6   2:50pm WNW 29.79   58
8    60.5  72.3  11:48am  53.9  11:58pm    5    1  0.00   0   7   2:09pm WNW 29.83   71
9    56.8  64.2   1:36pm  52.6   5:28am    8    0  0.01   0  12   9:13pm  SE 29.91   75
10   55.1  70.7   2:02pm  48.5   6:26am   10    0  0.04   0  10   1:19pm  SE 29.98   81
11   54.3  62.8   1:41pm  49.8   5:30am   11    0  0.17   0   8   1:34pm  SE 30.20   88
12   57.6  68.3   3:58pm  50.0   5:39am    8    0  0.00   0   6   1:43pm WNW 30.23   75
13   53.9  63.5   2:04pm  47.7  11:55pm   11    0  0.07   0   9  12:33pm ESE 29.99   83
14   50.3  60.0   1:29pm  45.7   3:14am   14    0  0.24   1  14   1:09pm  SE 29.92   84
15   53.2  67.7   3:13pm  42.8   2:26am   12    0  0.00   0   7   2:56pm  SE 29.93   75
16   56.4  72.0   3:26pm  48.6   4:40am    9    0  0.00   0   8  10:06am  SE 30.05   71
17   55.4  71.1  12:56pm  42.9   5:57am   10    1  0.07   0   6  11:37am WNW 30.10   78
18   53.5  57.6   3:07pm  49.6  11:56pm   12    0  1.22   0   5   4:07pm ESE 30.14   93
19   57.1  71.4   2:36pm  45.5   5:48am    9    1  0.00   0   6   4:05pm WNW 30.33   78
20   59.6  70.7   4:26pm  50.5   5:01am    6    1  0.05   0   6  11:48pm  SE 30.15   81
21   58.9  70.7   4:04pm  52.9   6:13am    7    0  0.35   0   8  10:25am  SE 30.22   83
22   61.6  74.6   1:39pm  51.8   5:40am    6    2  0.00   0   5  10:41am WNW 30.04   73
23   57.2  67.6   2:25pm  52.4  11:57pm    8    0  0.40   0  10  10:00am  SE 29.99   88
24   55.8  63.9   2:35pm  50.5   4:52am    9    0  0.09   0   6   1:20pm ESE 30.18   91
25   60.2  72.9   4:12pm  54.0   5:10am    6    1  0.00   0   5  12:26pm WNW 30.25   80
26   63.5  80.0   2:58pm  48.2   5:53am    6    4  0.00   0   6  12:39pm WNW 30.16   76
27   68.3  86.1   3:54pm  54.9   5:13am    3    6  0.00   0   6   4:06pm WNW 30.11   70
28   65.3  80.8   3:53pm  53.1   6:03am    4    4  0.00   0   5  10:12am WNW 30.15   75
29   61.1  69.7   4:57pm  56.6   7:32am    4    1  0.00   0   5   5:49pm  SE 30.16   85
30   60.3  71.9   3:45pm  53.2   2:27am    5    1  0.00   0   5   2:42pm WNW 30.18   82
---------------------------------------------------------------------------------------
TOT  60.3  94.6   6/5/16  42.8  6/15/16  202   62  2.71   0  13  6/14/16 WNW 30.06   77

HEAT BASE: 65.0
COOL BASE: 65.0