NOAA-Style Climate Reports


Report for 2014 August
                  MONTHLY CLIMATOLOGICAL SUMMARY FOR 8/2014
                                        HEAT  COOL        
     MEAN                               DEG   DEG       WIND SPEED       DOM MEAN  MEAN
DAY  TEMP  HIGH   TIME     LOW   TIME   DAYS  DAYS RAIN AVG  HI  TIME    DIR BAROM HUM
---------------------------------------------------------------------------------------
1    68.3  86.8   1:28pm  53.8   6:06am    3    7  0.00   0   8   4:01pm WNW 30.00   70
2    66.8  79.2   3:24pm  56.7   5:54am    2    4  0.01   0   5   2:59pm  NW 29.96   81
3    70.9  90.3   1:58pm  58.3   6:18am    2    8  0.00   0   5  10:35am  NW 29.98   74
4    70.8  92.6   2:15pm  54.5   6:20am    4   16  0.00   0   5  11:14am  NW 29.94   67
5    65.5  78.6   1:24pm  53.7   5:43am    3    4  0.00   0   6  10:44am  NW 30.02   74
6    65.5  80.7   1:24pm  54.6   4:55am    3    4  0.00   0   6  12:44pm WNW 30.09   79
7    66.7  84.0   2:42pm  55.1   4:13am    3    5  0.00   0   7   2:26pm  NW 30.04   71
8    64.5  80.0   2:14pm  55.3   6:06am    4    3  0.00   0   5  11:26am   W 30.07   67
9    65.0  82.7   2:33pm  50.9   6:28am    4    4  0.00   0   6   1:35pm  NW 30.11   65
10   66.6  85.9   2:04pm  50.1   6:10am    5    6  0.00   0   7   1:12pm WNW 30.06   71
11   73.7  98.1   3:03pm  57.0   5:46am    2   11  0.05   0   7   9:56pm WNW 29.88   69
12   69.3  78.4   2:44pm  66.0   2:50am    0    4  0.21   0   6   1:04pm WNW 29.83   83
13   64.4  70.6   1:18pm  59.8   5:13am    2    5  0.71   0   7  10:31am WNW 29.93   91
14   62.9  67.8   2:28pm  58.3   5:30am    3    1  0.01   0   2   1:48pm   W 29.98   93
15   64.7  69.6   3:47pm  61.7   2:15am    1    1  0.04   0   5  12:00pm  SE 30.01   92
16   66.5  78.8   2:01pm  60.5   5:44am    2    3  0.00   0   5  11:33am WNW 30.08   84
17   67.9  82.4   2:40pm  58.8   6:18am    2    5  0.00   0   6   1:21pm WNW 30.07   81
18   68.9  85.9   2:26pm  56.8   6:28am    2    6  0.00   0   6  12:32pm WNW 29.93   80
19   69.6  87.9   1:21pm  59.3   6:45am    1    6  0.00   0   6  12:22pm WNW 29.79   75
20   63.6  76.2   2:02pm  56.3  11:59pm    3    2  0.00   0   8   9:03am ESE 29.92   73
21   60.0  74.4   2:00pm  51.5   6:06am    6    1  0.00   0   6  12:09pm WNW 29.99   80
22   61.2  76.9   2:39pm  48.8   6:27am    6    2  0.00   0   6   3:08pm WNW 30.03   81
23   65.7  85.6   2:32pm  52.7   6:16am    4    5  0.00   0   5  12:34pm WNW 30.07   76
24   64.7  81.8   2:20pm  54.3   6:51am    4    4  0.00   0   5  11:41am WNW 29.94   77
25   66.8  85.6   1:17pm  52.9   6:21am    4    6  0.00   0   6  12:56pm WNW 29.98   74
26   70.0  90.4   1:45pm  55.4   6:36am    3    8  0.00   0   6   3:04pm WNW 29.99   70
27   70.4  89.8   1:33pm  57.1   6:36am    2    7  0.00   0   6   1:56pm WNW 29.99   71
28   64.9  76.6   2:37pm  56.5   6:48am    2    2  0.00   0   6   1:47pm ESE 30.04   81
29   62.3  70.8   3:23pm  56.5   8:39am    3    1  0.01   0   7   3:05pm  SE 29.95   84
30   60.3  63.7   3:22pm  56.2  11:56pm    5    0  0.35   0   6  12:06pm  SE 29.90   91
31   59.9  70.3   2:16pm  53.9   6:25am    6    1  0.31   0   7   2:06pm  SE 30.02   87
---------------------------------------------------------------------------------------
TOT  66.1  98.1  8/11/14  48.8  8/22/14   97  140  1.70   0   8   8/1/14 WNW 29.99   78

HEAT BASE: 65.0
COOL BASE: 65.0