NOAA-Style Climate Reports


Report for 2014 February
                  MONTHLY CLIMATOLOGICAL SUMMARY FOR 2/2014
                                        HEAT  COOL        
     MEAN                               DEG   DEG       WIND SPEED       DOM MEAN  MEAN
DAY  TEMP  HIGH   TIME     LOW   TIME   DAYS  DAYS RAIN AVG  HI  TIME    DIR BAROM HUM
---------------------------------------------------------------------------------------
1    36.8  41.2   1:14pm  31.1  11:14pm   28    0  0.04   0   5   2:12pm  SE 30.15   98
2    34.6  42.9  12:13pm  28.2   7:44am   30    0  0.01   0   6   2:33pm  SE 30.01   95
3    30.6  36.7  11:30am  25.9  11:53pm   34    0  0.00   0   5  11:59am  NW 30.11   88
4    27.5  35.1  12:51pm  21.5   7:23am   37    0  0.00   0   6  12:52pm  SE 30.31   78
5    21.6  29.8  11:36am  14.7  11:26pm   43    0  0.00   1   9   1:41pm  SE 30.44   59
6    21.1  27.9   1:49pm  12.3   4:50am   44    0  0.00   0   4  10:24am  NW 30.03   60
7    28.1  32.8  10:03am  19.2   2:52am   37    0  0.00   0   6   3:12pm  NW 29.86   88
8    13.7  32.1  12:00am  32.1  12:00am   51    0  0.00   0   5   5:57am  NW 29.92   78
9     0.0   0.0  12:00am   0.0  12:00am   56    0  0.02   0   5  10:23am  SE 30.03    1
10
11    9.2  51.7   6:48pm   0.0  12:00am   52    0  0.68   1  11   7:20pm  SE 29.95   21
12   45.9  50.6   1:28pm  41.5  12:00am   19    0  0.28   1  12   1:09pm  SE 29.72   87
13   46.2  52.0  12:32pm  41.6   6:39pm   19    0  0.00   1  15   1:00am  SE 29.93   80
14   45.6  50.9  12:49pm  37.0  11:03pm   19    0  0.20   1  16   9:04am  SE 29.78   84
15   40.1  45.9   7:26pm  33.7   6:54am   25    0  0.55   2  19   8:01pm  SE 29.61   94
16   40.9  45.4   4:31pm  37.0   2:37am   24    0  0.95   2  19   6:11pm  SE 29.82   87
17   39.9  44.4   2:23pm  37.2   5:13am   25    0  0.20   1  12   2:31am  SE 29.79   94
18   38.1  38.7  12:40am  37.1   6:10am    7    0  0.00   0   8   1:20am  SE 29.90   93
19   40.0  45.8   1:47pm  36.2   6:50am   25    0  0.03   1  11   1:09pm  SE 30.04   87
20   43.0  49.5   1:42pm  37.7  12:20am   22    0  0.05   1  10   1:43am  SE 30.10   87
21   37.9  40.5   1:04pm  34.3  11:52pm   27    0  0.02   0   6   7:47am  SE 30.25   92
22   34.9  38.3   2:58pm  32.2   6:35am   30    0  0.29   0   8  10:20pm  SE 30.15   97
23   38.1  40.2  12:44pm  35.7  12:02am   27    0  0.48   0   8  10:53am  SE 29.99   98
24   37.7  40.7   2:51pm  35.6   6:32am   27    0  0.59   0   2  12:01am   W 30.06   99
25   40.3  50.7   2:14pm  34.1  11:50pm   25    0  0.00   0   5   1:52pm WNW 30.08   96
26   43.0  59.0   1:19pm  32.1   7:02am   22    0  0.00   0   9   1:09pm  SE 29.86   79
27   44.2  54.2   1:37pm  36.5   2:17am   21    0  0.00   0   7  11:38am  SE 29.69   83
28   44.5  55.9  12:52pm  33.0  11:59pm   20    0  0.00   0   6  10:54am  NW 29.61   81
---------------------------------------------------------------------------------------
TOT  39.1  59.0  2/26/14   0.0   3/9/14  796    0  5.59   1  19  2/15/14  SE 29.90   84

HEAT BASE: 65.0
COOL BASE: 65.0