NOAA-Style Climate Reports


Report for 2013 November
                  MONTHLY CLIMATOLOGICAL SUMMARY FOR 11/2013
                                        HEAT  COOL        
     MEAN                               DEG   DEG       WIND SPEED       DOM MEAN  MEAN
DAY  TEMP  HIGH   TIME     LOW   TIME   DAYS  DAYS RAIN AVG  HI  TIME    DIR BAROM HUM
---------------------------------------------------------------------------------------
1    51.3  58.6   3:00pm  45.8   1:01am   14    0  0.00   0   5  12:17pm SSE 30.13   92
2    46.7  51.3   8:13am  41.3  11:57pm   17    0  1.37   1  22   8:21am  SE 29.70   95
3    40.8  47.0  11:12am  36.0  11:53pm   24    0  0.08   0   4  12:34am SSE 30.03   96
4    39.2  46.1  11:44am  31.3   6:44am   26    0  0.09   0   5  12:05pm  SE 30.14   92
5    44.5  50.8   1:17pm  39.9  12:00am   21    0  0.23   0   8   1:04pm  SE 30.10   95
6    44.6  48.1  12:43pm  39.9   7:16am   20    0  0.09   0  12  10:51pm  SE 30.24   96
7    46.5  47.9   7:52pm  45.5   6:22am   18    0  1.30   3  13   5:54am  SE 29.84   96
8    45.5  49.9  12:35pm  41.1   9:14pm   19    0  0.01   0   5  12:01am  SE 30.10   96
9    43.4  48.9   2:32pm  35.1   7:45am   41    0  0.10   0   0  12:00am  SE 30.11   95
10   44.6  46.8   1:28pm  42.6   5:12am   61    0  0.04   0   2   2:55am  SE 30.12   96
11   44.7  55.1   1:39pm  37.2   7:28am   20    0  0.00   0   8   1:30pm  SE 30.09   96
12   49.9  55.4   2:18pm  42.3  12:16am   15    0  0.16   0   8   1:32am  SE 30.22   96
13   49.7  53.0   2:20pm  45.3  11:59pm   15    0  0.00   0   7   1:19am  SE 30.39   95
14   45.2  47.9  11:16am  42.5   7:43pm   20    0  0.24   0   2   1:20pm  SE 30.15   97
15   43.1  45.0  10:03pm  41.5   8:09am   22    0  0.61   1  13   3:26pm  SE 29.74   96
16   41.5  44.8  10:50am  38.8   4:25am   23    0  0.02   0   8  10:54am  SE 29.56   95
17   45.5  49.5   1:00pm  40.0   2:19am   19    0  0.00   2  12  11:20am  SE 29.84   92
18   48.1  50.8  11:39pm  45.6   3:27am   17    0  0.78   1   9   5:18pm  SE 29.75   96
19   41.3  51.7   2:24am  32.9  11:45pm   24    0  0.21   0   9  12:14am  SE 29.80   96
20   32.1  38.6   9:40am  27.2  11:01pm   32    0  0.00   0   4  12:00am  NW 30.31   93
21   29.1  35.8   1:51pm  23.2   7:14am   36    0  0.00   0   4  10:30am  NW 30.62   93
22   30.1  39.4   1:51pm  24.1   7:41am   35    0  0.00   0   4  11:56am  NW 30.57   91
23   33.0  43.5   2:24pm  26.3   7:48am   30    0  0.00   0   4   8:55am  NW 30.33   92
24   32.9  33.0  12:19am  32.9  12:00am    0    0  0.00   0   0  12:00am  NW 30.26   96
25   38.2  50.3   1:59pm  29.4   7:24am   22    0  0.01   0   7  11:30am SSE 30.19   89
26   38.6  50.3   1:59pm  29.4   7:24am   26    0  0.01   0   7  11:30am SSE 30.18   90
27   41.5  51.3  12:46pm  33.6  11:57pm   23    0  0.00   0   2   9:50am  NW 30.02   91
28   37.6  48.1   1:03pm  31.4   7:35am   27    0  0.00   0   2  12:18am ESE 30.10   92
29   41.7  45.7  11:42am  34.4  12:06am   23    0  0.00   0   4   3:22pm  SE 30.26   95
30   46.5  49.5   7:34pm  43.6  12:00am   18    0  0.17   1   9   1:00pm  SE 30.26   93
---------------------------------------------------------------------------------------
TOT  42.0  58.6  11/1/13  23.2 11/21/13  709    0  5.51   0  21  11/2/13  SE 30.11   94

HEAT BASE: 65.0
COOL BASE: 65.0